754 divide 13865754?
False
Is 189 a factor of 180684?
True
Does 20 divide 8820320?
True
Does 9 divide 42904?
False
Is 3546336 a multiple of 424?
True
Is 11274184 a multiple of 1478?
True
Is 162 a factor of 628547?
False
Is 7 a factor of 38255?
True
Does 67 divide 80869?
True
Is 4795306 a multiple of 431?
True
Does 43 divide 60372?
True
Is 91834 a multiple of 41?
False
Is 25358346 a multiple of 1053?
True
Is 97 a factor of 950139?
False
Is 98 a factor of 355939?
False
Does 8 divide 1577410?
False
Is 1127200 a multiple of 8?
True
Does 35 divide 481268?
False
Does 2 divide 2388219?
False
Is 4548373 a multiple of 10?
False
Is 34 a factor of 74928?
False
Is 14709 a multiple of 72?
False
Does 63 divide 318591?
True
Is 15 a factor of 106995?
True
Is 537616 a multiple of 11?
False
Is 15 a factor of 8778825?
True
Is 1622 a factor of 6051682?
True
Is 204752 a multiple of 18?
False
Is 1529760 a multiple of 160?
True
Is 7708 a multiple of 66?
False
Is 436644 a multiple of 108?
True
Is 7485390 a multiple of 33?
True
Does 21 divide 20244?
True
Does 20 divide 75760?
True
Does 28 divide 725572?
False
Is 2 a factor of 204?
True
Is 355744 a multiple of 8?
True
Does 41 divide 3666712?
True
Does 95 divide 13304522?
False
Does 9 divide 187624?
False
Is 9 a factor of 472379?
False
Does 29 divide 154977?
False
Does 231 divide 286209?
True
Is 9 a factor of 2138547?
False
Is 101 a factor of 767819?
False
Does 2387 divide 20177311?
True
Is 128790 a multiple of 405?
True
Does 74 divide 2109665?
False
Is 10 a factor of 107917?
False
Is 2048265 a multiple of 69?
True
Does 3 divide 2348?
False
Does 117 divide 352170?
True
Is 650894 a multiple of 189?
False
Is 346484 a multiple of 19?
True
Is 13940 a multiple of 4?
True
Is 231672 a multiple of 84?
True
Is 86 a factor of 69832?
True
Is 743666 a multiple of 121?
True
Is 1033577 a multiple of 15?
False
Is 25 a factor of 202225?
True
Is 846 a factor of 14689098?
True
Does 196 divide 59192?
True
Is 426033 a multiple of 78?
False
Is 2169 a multiple of 723?
True
Is 127050 a multiple of 33?
True
Is 123 a factor of 2017712?
False
Is 100 a factor of 1638600?
True
Does 21 divide 213243?
False
Is 62 a factor of 10522241?
False
Does 23 divide 723616?
False
Is 25545 a multiple of 55?
False
Is 470420 a multiple of 547?
True
Does 50 divide 98366?
False
Is 77 a factor of 87780?
True
Does 1465 divide 11365470?
True
Does 7 divide 1458578?
False
Is 105 a factor of 917202?
False
Is 23 a factor of 2302300?
True
Is 6 a factor of 58548?
True
Does 48 divide 287067?
False
Is 6 a factor of 205058?
False
Does 10 divide 6030672?
False
Is 3974788 a multiple of 106?
True
Is 373 a factor of 953192?
False
Is 13 a factor of 412040?
False
Does 107 divide 1832375?
True
Is 1264360 a multiple of 433?
True
Does 57 divide 4094025?
True
Does 9 divide 916328?
False
Is 626917 a multiple of 30?
False
Is 3227053 a multiple of 17?
False
Is 6362324 a multiple of 82?
False
Is 1346522 a multiple of 45?
False
Is 1449322 a multiple of 284?
False
Does 122 divide 2655330?
True
Does 13 divide 16460983?
False
Is 293589 a multiple of 3?
True
Is 9 a factor of 296332?
False
Is 753 a factor of 2126472?
True
Is 91257 a multiple of 3?
True
Is 10 a factor of 167500?
True
Does 134 divide 2540445?
False
Is 181 a factor of 7830224?
False
Does 34 divide 1056346?
True
Is 12512 a multiple of 3?
False
Does 19 divide 30951?
True
Is 51243 a multiple of 21?
False
Does 286 divide 858?
True
Is 2016 a multiple of 13?
False
Does 21 divide 182259?
True
Is 7 a factor of 3374258?
False
Is 145 a factor of 139780?
True
Does 61 divide 319579?
True
Is 20 a factor of 6839895?
False
Does 7 divide 149030?
True
Is 241 a factor of 854586?
True
Does 7 divide 7016477?
False
Is 223 a factor of 11086222?
True
Is 27 a factor of 4239?
True
Is 20 a factor of 7082345?
False
Is 335 a factor of 141589?
False
Is 873078 a multiple of 3?
True
Is 4 a factor of 14187?
False
Does 50 divide 179465?
False
Is 3 a factor of 21095?
False
Does 175 divide 6987023?
False
Does 34 divide 942407?
False
Is 638 a factor of 979330?
True
Is 779960 a multiple of 5?
True
Does 4 divide 870516?
True
Is 6 a factor of 8340085?
False
Is 1711 a factor of 13672601?
True
Is 1034080 a multiple of 230?
True
Is 11 a factor of 216828?
False
Is 4 a factor of 139727?
False
Does 34 divide 598816?
False
Is 572169 a multiple of 13?
True
Is 359896 a multiple of 19?
False
Does 71 divide 189854?
True
Is 38 a factor of 294044?
True
Is 43 a factor of 24338?
True
Is 18838 a multiple of 37?
False
Is 23 a factor of 10314956?
False
Is 17 a factor of 355946?
True
Is 27 a factor of 7028602?
False
Is 664 a factor of 1610934?
False
Is 34 a factor of 12287702?
True
Does 7 divide 127591?
False
Does 441 divide 2746107?
True
Does 1280 divide 6695680?
True
Is 53196 a multiple of 124?
True
Does 829 divide 715012?
False
Does 3 divide 24792?
True
Is 34903 a multiple of 167?
True
Does 10 divide 428350?
True
Is 368 a factor of 5672022?
False
Is 114231 a multiple of 29?
True
Does 707 divide 5968?
False
Is 203075 a multiple of 400?
False
Is 583713 a multiple of 9?
True
Is 77813 a multiple of 39?
False
Does 38 divide 81920?
False
Is 11452574 a multiple of 1127?
True
Is 19639309 a multiple of 1219?
True
Is 69 a factor of 391575?
True
Is 6098084 a multiple of 1338?
False
Does 746 divide 622164?
True
Is 16 a factor of 52180?
False
Is 5 a factor of 4507281?
False
Does 30 divide 493912?
False
Does 30 divide 182689?
False
Is 384 a factor of 1699753?
False
Is 43740 a multiple of 4?
True
Does 89 divide 1329835?
False
Is 18 a factor of 5524542?
True
Is 249067 a multiple of 23?
True
Does 247 divide 166660?
False
Is 29 a factor of 3920916?
True
Is 83 a factor of 4067?
True
Is 6434976 a multiple of 32?
True
Does 714 divide 988890?
True
Is 26 a factor of 10348?
True
Is 29 a factor of 549172?
False
Does 1796 divide 5775769?
False
Is 23 a factor of 48645?
True
Does 63 divide 339381?
True
Is 41 a factor of 91551?
False
Is 1611633 a multiple of 9?
False
Is 4857332 a multiple of 146?
False
Is 7794630 a multiple of 1136?
False
Is 109224 a multiple of 12?
True
Is 845 a factor of 1207320?
False
Is 46 a factor of 1904394?
False
Is 339 a factor of 54022?
False
Is 9 a factor of 825318?
True
Does 23 divide 1435516?
False
Does 777 divide 401709?
True
Is 8690646 a multiple of 35?
False
Is 52139 a multiple of 59?
False
Is 13 a factor of 131640?
False
Is 810378 a multiple of 30?
False
Is 1673892 a multiple of 86?
False
Is 2451 a factor of 2331690?
False
Is 3844910 a multiple of 10?
True
Does 59 divide 151341?
False
Is 11412810 a multiple of 17?
False
Does 113 divide 35934?
True
Does 90 divide 9582030?
True
Is 685 a factor of 115062?
False
Is 1633892 a multiple of 169?
True
Is 88 a factor of 1044120?
True
Does 903 divide 3661665?
True
Does 15 divide 902247?
False
Is 111 a factor of 8173657?
False
Does 34 divide 2134037?
False
Does 2 divide 191916?
True
Does 339 divide 8290307?
False
Is 1563072 a multiple of 336?
True
Is 1179182 a multiple of 112?
False
Is 464457 a multiple of 20?
False
Is 28107 even?
False
Is 299565 a multiple of 9?
True
Is 280 a factor of 9109169?
False
Is 808 a factor of 239916?
False
Is 464256 a multiple of 20?
False
Does 36 divide 171396?
True
Is 179612 a multiple of 541?
True
Does 214 divide 1908024?
True
Does 10 divide 48703?
False
Is 91 a factor of 2183625?
False
Is 29 a factor of 2202144?
True
Does 68 divide 2451022?
False
Does 5 divide 734640?
True
Is 7 a factor of 1233508?
False
Is 699147 a multiple of 234?
False
Does 22 divide 1021856?
True
Is 100611 a multiple of 86?
False
Is 1195011 a multiple of 207?
True
Does 130 divide 2314206?
False
Is 102 a factor of 533808?
False
Is 896226 a multiple of 31?
False
Does 23 divide 135263?
True
Does 217 divide 578956?
True
Does 4 divide 1236812?
True
Does 18 divide 1968228?
True
Is 31171 a multiple of 392?
False
Is 1141 a factor of 8277955?
True
Is 2630348 a multiple of 28?
True
Does 10 divide 78760?
True
Does 95 divide 495246?
False
Is 118 a factor of 168150?
True
Does 170 divide 309230?
True
Is 648 a factor of 543672?
True
Is 139894 a multiple of 226?
True
Is 119 a factor of 5558966?
True
Is 761716 a multiple of 125?
False
Is 633 a factor of 4019900?
False
Is 103 a factor of 41848?
False
Is 48 a factor of 11379?
False
Is 5 a factor of 1462498